0309
List the prime factors of 25437.
3, 61, 139
What are the prime factors of 430?
2, 5, 43
What are the prime factors of 3625?
5, 29
What are the prime factors of 1646?
2, 823
What are the prime factors of 10289?
10289
List the prime factors of 731.
17, 43
List the prime factors of 242.
2, 11
What are the prime factors of 9415?
5, 7, 269
List the prime factors of 9341.
9341
List the prime factors of 521.
521
What are the prime factors of 3429?
3, 127
List the prime factors of 16613.
37, 449
What are the prime factors of 88003?
88003
What are the prime factors of 4700?
2, 5, 47
What are the prime factors of 4579?
19, 241
List the prime factors of 24482.
2, 12241
What are the prime factors of 3596?
2, 29, 31
What are the prime factors of 69142?
2, 181, 191
List the prime factors of 13474.
2, 6737
What are the prime factors of 40812?
2, 3, 19, 179
What are the prime factors of 4892?
2, 1223
List the prime factors of 6279.
3, 7, 13, 23
List the prime factors of 1483.
1483
What are the prime factors of 2052?
2, 3, 19
What are the prime factors of 96?
2, 3
What are the prime factors of 36880?
2, 5, 461
List the prime factors of 33714.
2, 3, 1873
What are the prime factors of 8383?
83, 101
What are the prime factors of 674?
2, 337
What are the prime factors of 192813?
3, 64271
List the prime factors of 44101.
44101
List the prime factors of 1738.
2, 11, 79
What are the prime factors of 10500?
2, 3, 5, 7
List the prime factors of 15202.
2, 11, 691
What are the prime factors of 1076?
2, 269
List the prime factors of 35181.
3, 1303
List the prime factors of 2262.
2, 3, 13, 29
What are the prime factors of 59011?
59011
List the prime factors of 97710.
2, 3, 5, 3257
What are the prime factors of 15883?
7, 2269
What are the prime factors of 122851?
43, 2857
List the prime factors of 14031.
3, 1559
List the prime factors of 4448.
2, 139
What are the prime factors of 19680?
2, 3, 5, 41
List the prime factors of 1673.
7, 239
List the prime factors of 3123.
3, 347
What are the prime factors of 50216?
2, 6277
What are the prime factors of 44231?
11, 4021
List the prime factors of 16111.
16111
What are the prime factors of 7450?
2, 5, 149
What are the prime factors of 2038?
2, 1019
List the prime factors of 2608.
2, 163
List the prime factors of 1622.
2, 811
List the prime factors of 45376.
2, 709
What are the prime factors of 382?
2, 191
What are the prime factors of 2313?
3, 257
What are the prime factors of 127680?
2, 3, 5, 7, 19
What are the prime factors of 49911?
3, 127, 131
What are the prime factors of 1712?
2, 107
What are the prime factors of 129317?
89, 1453
List the prime factors of 11740.
2, 5, 587
What are the prime factors of 1843?
19, 97
List the prime factors of 4381.
13, 337
What are the prime factors of 86?
2, 43
What are the prime factors of 6099?
3, 19, 107
What are the prime factors of 21723?
3, 13, 557
What are the prime factors of 28063?
7, 19, 211
What are the prime factors of 68276?
2, 13, 101
List the prime factors of 2024.
2, 11, 23
List the prime factors of 27469.
13, 2113
List the prime factors of 8817.
3, 2939
What are the prime factors of 12243?
3, 7, 11, 53
List the prime factors of 2693.
2693
List the prime factors of 10783.
41, 263
List the prime factors of 10246.
2, 47, 109
List the prime factors of 6792.
2, 3, 283
What are the prime factors of 128711?
11, 11701
List the prime factors of 2784.
2, 3, 29
What are the prime factors of 29820?
2, 3, 5, 7, 71
List the prime factors of 92071.
7, 1879
What are the prime factors of 826?
2, 7, 59
List the prime factors of 85998.
2, 3, 11, 1303
What are the prime factors of 2350?
2, 5, 47
What are the prime factors of 1953?
3, 7, 31
List the prime factors of 88081.
7, 12583
What are the prime factors of 66284?
2, 73, 227
What are the prime factors of 14325?
3, 5, 191
List the prime factors of 1369.
37
What are the prime factors of 21372?
2, 3, 13, 137
List the prime factors of 5990.
2, 5, 599
List the prime factors of 23354.
2, 11677
What are the prime factors of 44487?
3, 4943
What are the prime factors of 37900?
2, 5, 379
What are the prime factors of 19727?
19727
List the prime factors of 863.
863
What are the prime factors of 133519?
133519
List the prime factors of 10416.
2, 3, 7, 31
List the prime factors of 2788.
2, 17, 41
What are the prime factors of 15112?
2, 1889
List the prime factors of 1113.
3, 7, 53
List the prime factors of 1873.
1873
What are the prime factors of 4261?
4261
What are the prime factors of 650?
2, 5, 13
What are the prime factors of 2372?
2, 593
List the prime factors of 1930.
2, 5, 193
List the prime factors of 111730.
2, 5, 11173
List the prime factors of 1261.
13, 97
What are the prime factors of 25470?
2, 3, 5, 283
What are the prime factors of 60690?
2, 3, 5, 7, 17
What are the prime factors of 203566?
2, 11, 19, 487
List the prime factors of 3204.
2, 3, 89
What are the prime factors of 777?
3, 7, 37
What are the prime factors of 37963?
37963
List the prime factors of 862.
2, 431
List the prime factors of 5646.
2, 3, 941
List the prime factors of 1383.
3, 461
List the prime factors of 3213.
3, 7, 17
List the prime factors of 10115.
5, 7, 17
List the prime factors of 51.
3, 17
What are the prime factors of 41126?
2, 20563
What are the prime factors of 271?
271
List the prime factors of 12592.
2, 787
List the prime factors of 5319.
3, 197
What are the prime factors of 769?
769
List the prime factors of 31513.
31513
What are the prime factors of 465?
3, 5, 31
List the prime factors of 4.
2
What are the prime factors of 5878?
2, 2939
What are the prime factors of 386?
2, 193
What are the prime factors of 30964?
2, 7741
List the prime factors of 499.
499
What are the prime factors of 1856?
2, 29
List the prime factors of 1313.
13, 101
List the prime factors of 63749.
7, 1301
List the prime factors of 561.
3, 11, 17
What are the prime factors of 12060?
2, 3, 5, 67
What are the prime factors of 934?
2, 467
List the prime factors of 16262.
2, 47, 173
What are the prime factors of 2988?
2, 3, 83
List the prime factors of 29003.
13, 23, 97
List the prime factors of 53349.
3, 17783
List the prime factors of 5501.
5501
What are the prime factors of 653?
653
What are the prime factors of 8677?
8677
List the prime factors of 863.
863
What are the prime factors of 1265?
5, 11, 23
What are the prime factors of 26682?
2, 3, 4447
List the prime factors of 1600.
2, 5
What are the prime factors of 9110?
2, 5, 911
List the prime factors of 11579.
11579
What are the prime factors of 10987?
10987
What are the prime factors of 358?
2, 179
What are the prime factors of 66671?
11, 19, 29
What are the prime factors of 2497?
11, 227
What are the prime factors of 11617?
11617
What are the prime factors of 24280?
2, 5, 607
List the prime factors of 346.
2, 173
What are the prime factors of 1227?
3, 409
What are the prime factors of 32038?
2, 83, 193
What are the prime factors of 4615?
5, 13, 71
What are the prime factors of 532?
2, 7, 19
What are the prime factors of 3769?
3769
What are the prime factors of 547?
547
List the prime factors of 2954.
2, 7, 211
What are the prime factors of 55902?
2, 3, 7, 11
List the prime factors of 6516.
2, 3, 181
List the prime factors of 12404.
2, 7, 443
What are the prime factors of 139945?
5, 13, 2153
List the prime factors of 42.
2, 3, 7
List the prime factors of 77331.
3, 149, 173
List the prime factors of 26900.
2, 5, 269
List the prime factors of 13888.
2, 7, 31
What are the prime factors of 3779?
3779
List the prime factors of 3661.
7, 523
List the prime factors of 3153.
3, 1051
List the prime factors of 478.
2, 239
List the prime factors of 5805.
3, 5, 43
What are the prime factors of 9200?
2, 5, 23
What are the prime factors of 494?
2, 13, 19
List the prime factors of 1180.
2, 5, 59
List the prime factors of 207.
3, 23
List the prime factors of 32348.
2, 8087
List the prime factors of 908.
2, 227
What are the prime factors of 2312?
2, 17
What are the prime factors of 89155?
5, 11, 1621
What are the prime factors of 11766?
2, 3, 37, 53
List the prime factors of 1479.
3, 17, 29
What are the prime factors of 198?
2, 3, 11
List the prime factors of 52229.
29, 1801
List the prime factors of 1501.
19, 79
List the prime factors of 2293.
2